= 147 - 95. Let q(b) = -b**3 + 8*b**2 + 7*b + 20. Let i be q(9). Let w be (-5432)/(-42) - i/(-3). What is the greatest common divisor of w and g?
26
Let t(n) = n**2 + 61*n - 398. Let g be t(6). Let d be (-1590)/(-9)*12/10. What is the greatest common divisor of d and g?
4
Let q be (5/(-2))/(2/92). Let a = -1244 - -1179. Let l = a - q. Calculate the highest common divisor of l and 5.
5
Suppose 4*p - 253 + 225 = 0. Suppose -p*c + 213 = -375. What is the greatest common divisor of c and 238?
14
Let m(s) = -s**3 + 86*s**2 + 8*s - 561. Let c be m(86). What is the greatest common factor of 34163 and c?
127
Let p be (-13 - (12895 + 13))/((-3)/2). Calculate the highest common factor of p and 118.
118
Suppose 0 = x - 2*s - 12, 3*x - 6*x = -5*s - 32. Let u(c) = 4*c**2 - 4*c - 4. Let z be u(x). What is the greatest common factor of z and 418?
22
Let s = 6 + 12. Suppose -18*y + 966 = 5*y. Suppose -y + 56 = 7*f. Calculate the greatest common factor of s and f.
2
Let t(h) = -28*h - 4. Let x be t(0). Let w be -2 + (-1 - 0) - 188/x. What is the greatest common factor of 44 and w?
44
Let f = -3177 - -3194. What is the greatest common divisor of 4709 and f?
17
Let l be ((-315)/42)/(12/(-392)). What is the greatest common factor of 1176 and l?
49
Suppose -6*i = -2*j + 111318, -50*j + 47*j = -2*i - 166956. What is the highest common divisor of j and 14?
14
Let h(l) = 2*l**3 - 13*l**2 + 351*l - 1635. Let i be h(5). Let q(s) = -s**3 + s**2 + 6*s. Let f be q(-5). Calculate the greatest common factor of f and i.
15
Let n(s) = -s**2 - 22 - s**3 + 44 - 19. Let j be n(-2). Suppose 3 + j = 2*p. Calculate the highest common divisor of p and 5.
5
Let w(g) = 23*g**2 + 317*g - 55. Let h be w(-14). Let l(y) = y + 180. Let r be l(0). Calculate the highest common divisor of h and r.
15
Let y be ((-508*(-4)/16)/1)/1. What is the greatest common divisor of 15875 and y?
127
Let x be (-474)/144*-6 + 3/12. What is the highest common divisor of x and 4570?
10
Let q(x) = x + 23. Let n be q(-20). Suppose -n*t - 16 = 4*h, 0 = -4*h + 5*t + 3 + 13. Let s be (-6)/2*(h - 0). What is the greatest common divisor of 33 and s?
3
Let o(r) = 11*r**2 - 53*r - 35. Let n(u) = -6*u**2 + 27*u + 17. Let w(b) = 7*n(b) + 4*o(b). Let v be w(13). Calculate the highest common factor of v and 126.
18
Let w(f) = -146*f - 93. Let h be w(-3). Let x = -289 + h. What is the highest common divisor of x and 14?
14
Suppose 141 = -5*q - 69. Let k = q - -71. Let c(w) = -50*w - 39. Let l be c(-6). What is the highest common divisor of l and k?
29
Let g(d) = -2*d + 28. Let b be g(9). Let t = 539 + b. Calculate the greatest common divisor of 9 and t.
9
Let z = -6402 + 7907. What is the highest common divisor of z and 35?
35
Let r be 3/1 - (-26 - -23). Suppose -2*t - 5*a = -100, 14 = t - 5*a - r. Let x be -8 + 4 + 8*13. What is the highest common divisor of t and x?
20
Let k be 10320/(-13 - -29) + 15. What is the greatest common factor of 372 and k?
12
Let k be 1 - -145 - (0 + (7 - 11)). Suppose -8*b = -13*b + k. What is the greatest common factor of 12 and b?
6
Suppose 5*h - 1128 = 2*w, 5*h + 5*w + 0*w = 1170. What is the greatest common divisor of 48 and h?
12
Let u(t) = -60*t + 19. Let i be u(-3). Let n = 407 - i. What is the greatest common factor of n and 8?
8
Suppose 5*f + 298 - 258 = 0. Let w be 75/4 - (6 - 4)/f. Calculate the highest common factor of w and 266.
19
Suppose 0 = -7*o + 10*o + 204. Suppose 37 = -g - 7. Let b = g - o. What is the greatest common divisor of 8 and b?
8
Let q(i) = -2*i**3 + 5*i**2 + 2*i - 7. Let t be q(5). Let a be (61 - 52)/((-22)/10 + 2). Let u = a - t. Calculate the greatest common factor of u and 33.
11
Suppose -5*h + 60 = 2*t, -3*h + 61 + 89 = 5*t. Let w(a) = -a**2 + 15*a + 119. Let u be w(28). Let c = 265 + u. Calculate the highest common factor of c and t.
10
Let t(s) = 2*s - 30. Suppose 5*w = 2*v - 36, -7*v - 61 = -12*v - 2*w. Let f be t(v). Let m be f - (1 + -3) - -32. What is the highest common factor of m and 45?
15
Let k be ((-8)/10 + -2)/(146/(-21900)). Calculate the greatest common divisor of k and 540.
60
Let i(o) = -2*o - 5. Suppose 18 = -8*l + 7*l. Let t be i(l). Suppose 34*n - 624 = t*n. What is the highest common factor of 16 and n?
16
Let j(o) = 10*o + 94. Let t be j(-9). Suppose -2*q + 399 = z, 4*q - 1608 = -0*z - t*z. Calculate the highest common divisor of 15 and z.
15
Let i be 2/(-6) - (-193)/3. Suppose -2*q + 580 = -4*w, w = -11 + 2. Calculate the highest common divisor of i and q.
16
Let p(b) = -2*b**3 - 45*b**2 + 239*b + 4080. Let s be p(-24). Suppose 3*x + 6 = 0, -g - 2*x + 8 = -4. Calculate the greatest common divisor of s and g.
8
Let p = -24 + 23. Let k = 80 - p. Calculate the greatest common factor of k and 27.
27
Let x be (-179 + 269 - 60/3) + 21. Suppose 4*t - 3*a + 0*a = 6928, -5*t - a + 8641 = 0. Calculate the highest common factor of t and x.
91
Let i(s) = -s**2 - 5*s - 2. Let m be i(-3). Let w = -438 - -441. Let f be w/(-4) - (-83)/m. Calculate the greatest common factor of 5 and f.
5
Let s(v) = -2*v**3 - 100*v**2 + 690*v - 3. Let w be s(6). Suppose k = 6*k + y - 315, 5*k = 2*y + 315. What is the highest common factor of k and w?
21
Let y = 2 - 0. Let n be (-1390)/(-14) - y/7. Let m be (-3 - (-5 - 1)) + 30. Calculate the highest common divisor of n and m.
33
Let m be (-98)/(-4)*(25/300 + (-47)/(-12)). Suppose 0 = 2*i - 0*y + 5*y - 130, -i = 5*y - 60. What is the greatest common factor of i and m?
14
Let y(b) = 2*b**3 - 15*b**2 - 33*b - 14. Let h be y(10). What is the highest common factor of 852 and h?
12
Let u(o) = -o**3 + 11*o + 20. Let r be (-1150)/184 + (-1)/(-4). Let c be u(r). What is the highest common divisor of c and 34?
34
Let d(w) = w**3 + 6*w**2 + 3*w - 6. Let b be d(-5). Suppose -p = 23*p + 7*p - 3348. Calculate the highest common divisor of b and p.
4
Let k(p) = -27*p + 1101. Let h be k(38). Let z be (-317)/(-7) + (-10)/35. Suppose 2*x = -x + z. What is the highest common divisor of x and h?
15
Suppose -276 = -2*h + 4*v, -3*v + 2 = 11. Suppose -17*m - 346 = 674. Let r be -2*(m/35)/((-12)/(-42)). Calculate the highest common factor of r and h.
12
Let f(t) = 4*t + 11*t - 45 - 3*t - 4*t. Let n be f(8). Calculate the highest common divisor of 38 and n.
19
Let j = -7625 + 7658. Calculate the greatest common divisor of 21 and j.
3
Let u(d) = 76*d - 3043. Let o be u(88). Calculate the greatest common factor of 45 and o.
45
Let t(y) = -y**3 + 4*y**2 + 22*y + 71. Let x be t(-7). What is the greatest common divisor of x and 380?
76
Let s be 18/(-24)*840/(-63). What is the highest common factor of s and 10210?
10
Suppose -2*f - 5*t = -165, 7*f = 2*f - 2*t + 360. Suppose 0 = 7*z - 2*z + f. Let p be (-4)/z - 194/(-7). Calculate the greatest common divisor of 14 and p.
14
Suppose 22 = f + 18*w - 14*w, -8 = 2*f - 5*w. Let c = -10 - 28. Let z = -17 - c. What is the greatest common factor of f and z?
3
Let j = 23760 - 23670. Calculate the highest common divisor of j and 13878.
18
Suppose -203*s - 5919 = -50985. Let q = 91 + -54. Calculate the greatest common factor of q and s.
37
Let w be (13/(-65))/(1/(-2930)). Let m = -580 + w. Calculate the greatest common divisor of 270 and m.
6
Let n be (2 - -29)*(-3)/(-1). Suppose 5*o = 5*r - 35, -2*o + 2 = 2*r + 4. Let h be (-4)/r*((-61)/4 - 8). Calculate the highest common divisor of n and h.
31
Let y = 55 + -50. Let f = y - 1. Suppose 5*g - 25 = 0, 2*a + 3 = f*g - 9. Calculate the highest common factor of a and 2.
2
Let a(w) be the second derivative of -w**4/12 + 2*w**3/3 + 9*w**2/2 - 39*w. Let p be a(5). What is the greatest common divisor of 2 and p?
2
Suppose -t - 16 = 5*r, -3*t - 2 = 1. Suppose -2*v = 15 + 29. Let k = r - v. What is the highest common factor of 57 and k?
19
Suppose 3*t + 13*r - 8*r - 191 = 0, -2*t - 3*r = -127. Calculate the greatest common factor of 5301 and t.
31
Suppose -6*k = -29 + 5. Let s be 55*(22/(-10) + k). Suppose -9*t + 315 = s. Calculate the highest common divisor of 36 and t.
12
Let m be (-644)/(-7) + 11/((-55)/40). What is the greatest common factor of 372 and m?
12
Suppose 14*l + 5*t - 2745 = 9*l, -t = -5. Suppose -13*o - 4*o + l = 0. Let b be 2/(-1) - (0 - 18). Calculate the highest common factor of b and o.
16
Let y be 42 + 9/(-12)*40/(-15). Suppose -5*p - y = -4*p. Let